2 + -5453545?
-5453543
In base 11, what is -4 + 1a15036?
1a15032
In base 15, what is -1 + -15c78d3?
-15c78d4
In base 11, what is 762a0279 - -4?
762a0282
In base 7, what is 15500344 + -12?
15500332
In base 2, what is -10010001110 - -1000011111101101?
1000001101011111
In base 5, what is 23442033021 - -1?
23442033022
In base 12, what is 10 + -14218a38?
-14218a28
In base 8, what is 422 + 643624?
644246
In base 3, what is 10122 + 20010111100?
20010121222
In base 12, what is 18a3 + -104?
179b
In base 6, what is -21 + 44043545?
44043524
In base 12, what is -2a6ab4 - 9?
-2a6b01
In base 7, what is -11201 + 1263323?
1252122
In base 12, what is 9034b3 + -18b?
903324
In base 16, what is -b4141 + 7f?
-b40c2
In base 8, what is 1711 + -10207?
-6276
In base 9, what is -778566 - -40?
-778526
In base 6, what is 15 + -4120432532?
-4120432513
In base 6, what is 2544 - 10520042?
-10513054
In base 10, what is 1452 - -330425?
331877
In base 15, what is -49a4963 + -5?
-49a4968
In base 12, what is 1084a96 + -23?
1084a73
In base 3, what is -100020 - -111200200121?
111200100101
In base 13, what is 457b23 + 15?
457b38
In base 9, what is -16638134 + -3?
-16638137
In base 10, what is -34512 - 125?
-34637
In base 6, what is 11220 + -305?
10511
In base 8, what is 10155346 + -27?
10155317
In base 9, what is -11 - -2371046?
2371035
In base 14, what is -197455a + 0?
-197455a
In base 16, what is 36ceb + -6c?
36c7f
In base 11, what is -17959a5 + 11?
-1795994
In base 6, what is 40243 + -250430?
-210143
In base 10, what is 28 - -1341604?
1341632
In base 14, what is 1d - 446112?
-4460d3
In base 10, what is -28065 + -100?
-28165
In base 3, what is -12 - 21021022220010?
-21021022220022
In base 8, what is -117 + 1506073?
1505754
In base 16, what is 4 - 1b91681?
-1b9167d
In base 4, what is -3011120121 - -30131?
-3011023330
In base 11, what is -163683 - -9?
-163675
In base 10, what is 940463 + -4?
940459
In base 7, what is -22036366160 + 5?
-22036366152
In base 4, what is -12330033332 + 11?
-12330033321
In base 8, what is -73 + 2167757?
2167664
In base 3, what is -11001101000011122 + 120?
-11001101000011002
In base 11, what is -1a56a4 + -7?
-1a5700
In base 11, what is -828123 - 14?
-828137
In base 3, what is 12222212 + 1121221211?
1211221200
In base 6, what is -15031105302 + 3?
-15031105255
In base 5, what is -2 - 1331344434?
-1331344441
In base 7, what is -10603326 - 2?
-10603331
In base 4, what is 2 + -210201120120?
-210201120112
In base 9, what is -85 + 1665875?
1665780
In base 6, what is 10014121 + 210?
10014331
In base 5, what is 2 - 243100230320?
-243100230313
In base 16, what is -1f0a + 1298?
-c72
In base 3, what is -220 + -100221200121100?
-100221200122020
In base 12, what is 396b5 + 32?
39727
In base 6, what is 14041450 + -42?
14041404
In base 8, what is -120031366 + -46?
-120031434
In base 6, what is 22440 + -44002?
-21122
In base 10, what is 13432543 - -2?
13432545
In base 8, what is 21751215 - 11?
21751204
In base 15, what is -ea3 + 2e36?
1e83
In base 2, what is 1101100110001110 + 11010001?
1101101001011111
In base 7, what is -220546 + -322?
-221201
In base 3, what is 20 + -2110210102012?
-2110210101222
In base 12, what is -43805029 - -5?
-43805024
In base 8, what is 174153745 + -37?
174153706
In base 16, what is 3 + d8dcb?
d8dce
In base 5, what is -14114333343 - 0?
-14114333343
In base 9, what is -12274 + 1288?
-10875
In base 12, what is -1933a27 + 8?
-1933a1b
In base 10, what is -19503116 - 2?
-19503118
In base 9, what is 4 + 33646266?
33646271
In base 4, what is -31220221 + 1133?
-31213022
In base 4, what is -22133 - -10030001?
10001202
In base 11, what is -14 + 614198?
614184
In base 3, what is -10011121212012122 + 10?
-10011121212012112
In base 7, what is -441202 - 5203?
-446405
In base 13, what is 1256054 - 5c?
1255cc5
In base 6, what is 41 + 25444130?
25444211
In base 9, what is -1262536 - -11?
-1262525
In base 16, what is -aed5 - 2f8?
-b1cd
In base 5, what is -1110120312 + -4?
-1110120321
In base 11, what is 1 - -3440048?
3440049
In base 8, what is -1 + -251777?
-252000
In base 9, what is -488 - 353856?
-354455
In base 2, what is -11011101001000011001000 - -1010000?
-11011101001000001111000
In base 12, what is -24a - -b135?
aaa7
In base 16, what is 69c437c + e?
69c438a
In base 13, what is -2461 - -8625?
6194
In base 10, what is 177 - 96463?
-96286
In base 7, what is -450344 - 23?
-450400
In base 3, what is 1110 - 11221021102121?
-11221021101011
In base 2, what is 1 + -1011001110001011111110?
-1011001110001011111101
In base 6, what is 2 - 10243424110?
-10243424104
In base 4, what is 12 + -31313113103?
-31313113031
In base 6, what is -1355044352 + 34?
-1355044314
In base 3, what is 11012002 + -1120001210?
-1101212201
In base 16, what is -c3677 + -d?
-c3684
In base 4, what is -3 - 3231320201?
-3231320210
In base 15, what is -31a85 + -5a?
-31ae0
In base 7, what is -12 - 12411455?
-12411500
In base 5, what is -210 + 2023012444?
2023012234
In base 12, what is -20a7 + 4b731?
49646
In base 2, what is 1000101111 - -100011011000101?
100100011110100
In base 15, what is 328270 - 21?
32824e
In base 15, what is -3188c - 1ae?
-31a4b
In base 5, what is 10044 + -1111130?
-1101031
In base 5, what is -3030030034111 - -2?
-3030030034104
In base 7, what is 355223 - 3010?
352213
In base 16, what is -1f - 1c96b?
-1c98a
In base 7, what is 1253330 - 61?
1253236
In base 15, what is db332 - -4?
db336
In base 4, what is 12031320121 - -2213?
12031323000
In base 2, what is -11100100 - 11100000110001011101?
-11100000110101000001
In base 10, what is 24245 + -1817?
22428
In base 4, what is -20132111223 - -100?
-20132111123
In base 6, what is 2 - 1240144400?
-1240144354
In base 6, what is 515 - 2135234?
-2134315
In base 10, what is -392213 + 38?
-392175
In base 13, what is 3313b - -a22?
33b60
In base 11, what is -60550 + 286?
-60275
In base 10, what is 732 - -753?
1485
In base 9, what is -1728700 - 546?
-1730346
In base 12, what is 5860b0 - -18?
586108
In base 3, what is -1211021000011221 + 102?
-1211021000011112
In base 2, what is 100 - -11010100110101100011100?
11010100110101100100000
In base 9, what is 2 - -58104680?
58104682
In base 16, what is -5191 + -68?
-51f9
In base 11, what is 3977a63 + 7?
3977a6a
In base 2, what is 1 + -1111110001111010110010?
-1111110001111010110001
In base 16, what is -1459029 + 4?
-1459025
In base 7, what is 11112414 - 1?
11112413
In base 13, what is -470102 + 13b?
-46cc94
In base 8, what is 12465100 + -43?
12465035
In base 9, what is 11533 - 12546?
-1013
In base 6, what is 5215012 + -21?
5214551
In base 6, what is 114301355 + 42?
114301441
In base 7, what is 0 - 1316164000?
-1316164000
In base 16, what is 8c93 - -cd?
8d60
In base 9, what is 5248610 - -25?
5248635
In base 7, what is -4 - -545514262?
545514255
In base 15, what is -5 - 22191d?
-221923
In base 8, what is 3125524 + -1?
3125523
In base 5, what is -2111 - -2421230?
2414114
In base 7, what is -54300 - -64410?
10110
In base 8, what is -1 + 44503050?
44503047
In base 4, what is 123111130 - 212?
123110312
In base 7, what is -205135341 + -4?
-205135345
In base 9, what is -60554 - -5506?
-54047
In base 13, what is -250780 + 5?
-250778
In base 8, what is -772 - -67160?
66166
In base 9, what is 0 + 73085111?
73085111
In base 11, what is -2 - -a4a4a35?
a4a4a33
In base 7, what is 45135 - 65362?
-20224
In base 6, what is 4 + 244201200?
244201204
In base 4, what is -11101310330312 - -12?
-11101310330300
In base 15, what is -62624d + 0?
-62624d
In base 2, what is -10000001101110100001 + 11101110?
-10000001101010110011
In base 3, what is -10221101 + -1012200111?
-1100121212
In base 8, what is -12014027 - 0?
-12014027
In base 9, what is -246221606 - -4?
-246221602
In base 5, what is -1331032304 + 44?
-1331032210
In base 10, what is -5950293 - -1?
-5950292
In base 14, what is -68c + -1c8797?
-1c9045
In base 8, what is 661 - -173276?
174157
In base 11, what is -3 - 1779352?
-1779355
In base 16, what is 3d15c - 8?
3d154
In base 11, what is -1362798 + 90?
-1362708
In base 14, what is 271a4cb - -4?
271a4d1
In base 11, what is 13 - -a239?
a251
In base 6, what is 4403 + 230355?
235202
In base 15, what is 698 - 344b?
-2ca3
In base 15, what is 0 + 8155951?
8155951
In base 11, what is 1 + -253831a?
-2538319
In base 10, what is -1